Determine d(2).
-8
Let f(z) = 6*z**2 - 300*z - 627. What is f(-2)?
-3
Let b(n) = n**2 + 130*n + 4093. What is b(-73)?
-68
Let h(y) = -3*y**2 + 57*y - 271. What is h(10)?
-1
Let d(f) = 27*f**2 - 299*f + 126. Calculate d(11).
104
Let p(z) = -z**2 - 21*z + 140. Calculate p(6).
-22
Let j(g) = 17*g + 51. What is j(-10)?
-119
Let l(s) = -7*s**2 - 183*s - 507. Determine l(-3).
-21
Let n(u) = 15*u**2 - 81*u - 22. What is n(0)?
-22
Let r(z) = -1034*z + 125118. What is r(121)?
4
Let g(l) = -l**3 - 59*l**2 + 2*l + 121. Determine g(-59).
3
Let o(d) = -d**3 - 69*d**2 + 286*d + 26. What is o(4)?
2
Let r(v) = -v**2 - 15*v + 21. Give r(-14).
35
Let g(h) = 5348*h - 48179. Calculate g(9).
-47
Let a(p) = -p - 52. What is a(-22)?
-30
Let s(f) = -11*f**2 + 1697*f - 482. What is s(154)?
-20
Let k(p) = 9*p**2 - 689*p - 990. Determine k(78).
24
Let s(d) = d**2 - 43*d - 1037. What is s(60)?
-17
Let h(p) = 8*p**3 + 41*p**2 + 8*p - 6. What is h(-5)?
-21
Let k(u) = -u**2 - 137*u - 4396. Calculate k(-51).
-10
Let o(b) = 2*b**3 - 23*b**2 - 39*b + 347. Calculate o(11).
-203
Let f(g) = -2*g**3 + 17*g**2 - 20*g + 36. What is f(8)?
-60
Let d(p) = 23296*p - 46588. Determine d(2).
4
Let j(w) = 82*w**2 - 5*w - 3. Give j(-1).
84
Let i(n) = n**3 + 3*n**2 + 18*n - 33. Give i(0).
-33
Let c(v) = -v**3 - 51*v**2 - 660*v - 439. Give c(-28).
9
Let v(r) = -8*r**3 + 80*r**2 - 4*r + 17. What is v(10)?
-23
Let u(x) = -x**3 - 46*x**2 + 633*x + 334. Give u(-57).
-8
Let y(s) = -16*s + 278. Give y(18).
-10
Let q(r) = -r**3 + 31*r**2 - 56*r - 40. Calculate q(29).
18
Let d(u) = -u**2 + 29*u - 189. Calculate d(10).
1
Let o(w) = -w**3 + 18*w**2 - 39*w - 15. What is o(3)?
3
Let z(m) = m**3 + 41*m**2 - 5. What is z(-41)?
-5
Let i(m) = m**3 - 30*m**2 + 33*m - 145. Give i(29).
-29
Let s(z) = -9*z**3 - 1703*z**2 - 377*z + 198. Give s(-189).
9
Let k(h) = -4*h**2 - 15*h + 67. Calculate k(-8).
-69
Let f(s) = -s**3 - 5*s**2 + 14*s - 11. What is f(-7)?
-11
Let w(d) = -605*d - 3620. What is w(-6)?
10
Let u(r) = -r**3 + 4*r**2 + 18*r + 4. Give u(7).
-17
Let z(p) = -4*p**2 - 103*p - 532. Calculate z(-7).
-7
Let i(s) = 357*s**2 + 29*s + 1. Calculate i(-1).
329
Let k(a) = 341*a - 2058. What is k(6)?
-12
Let u(r) = 2*r**3 - 35*r**2 + 72*r + 461. Calculate u(14).
97
Let c(h) = h**2 + 35*h + 274. What is c(-12)?
-2
Let j(g) = 14*g**2 - 60*g + 300. Give j(5).
350
Let z(a) = -3*a**2 - 15*a + 31. Calculate z(2).
-11
Let i(a) = -47*a**3 - 48*a - 88. What is i(-2)?
384
Let m(l) = 14*l**2 + 331*l + 1587. What is m(-17)?
6
Let l(w) = -3*w**3 - 3*w**2 - w + 184. What is l(0)?
184
Let f(a) = 3*a**3 - 5*a**2 - 79*a - 149. What is f(-2)?
-35
Let l(y) = -9*y**2 + 169*y + 1320. Determine l(-6).
-18
Let c(m) = -80*m - 193. Give c(-5).
207
Let v(d) = 88*d - 13090. Calculate v(148).
-66
Let z(q) = -3*q**3 + 2*q**2 - 21*q + 64. Determine z(3).
-62
Let a(m) = -m**3 + 69*m**2 - 723*m - 84. Give a(13).
-19
Let p(l) = -8*l**3 + 77*l**2 - 52*l + 48. Give p(9).
-15
Let f(j) = -24*j**3 + 4*j**2 - 1. Give f(-1).
27
Let c(o) = 2272*o - 4534. Calculate c(2).
10
Let o(q) = 55*q**2 - 71*q + 19. Give o(-3).
727
Let s(r) = 10*r**2 - 251*r + 836. Determine s(4).
-8
Let x(b) = -b**3 - 19*b**2 - 33*b - 84. Calculate x(-17).
-101
Let c(u) = u + 143. Determine c(-58).
85
Let u(d) = 3*d**3 - 21*d**2 + 7*d - 1. What is u(7)?
48
Let a(c) = -244*c - 15. What is a(2)?
-503
Let n(q) = q**3 - 6*q**2 - 71*q + 4. Determine n(-6).
-2
Let i(f) = -44*f**2 - 6*f - 8. What is i(2)?
-196
Let y(f) = -f**3 + 27*f**2 - 178*f + 175. Determine y(17).
39
Let q(k) = -2*k**2 + 417*k + 2134. What is q(-5)?
-1
Let m(i) = -53*i - 205. Determine m(-6).
113
Let j(x) = x**3 + 9*x**2 - 15*x + 24. Determine j(-10).
74
Let b(k) = 82*k**2 - 37*k. Determine b(3).
627
Let b(l) = l**3 + 50*l**2 + 587*l - 46. Give b(-31).
16
Let i(s) = -s**3 - 36*s**2 - 305*s + 5. Determine i(-22).
-61
Let w(u) = -116*u + 692. What is w(6)?
-4
Let t(m) = 10*m**2 - 480*m + 8. What is t(48)?
8
Let b(v) = -7*v**3 + 34*v**2 - 66*v + 364. Give b(5).
9
Let r(d) = 2*d**3 - d**2 - 6*d - 16. What is r(4)?
72
Let f(m) = -27*m - 1147. Calculate f(-41).
-40
Let y(d) = 8*d**2 - 95*d + 268. Give y(3).
55
Let l(z) = -44*z**2 - 3*z + 2. Give l(1).
-45
Let r(a) = -a**2 + 27*a - 135. Calculate r(22).
-25
Let i(t) = -5*t**2 - 359*t - 1349. Give i(-4).
7
Let l(p) = -2*p**3 + 19*p**2 - 30*p + 31. Calculate l(9).
-158
Let a(m) = -366*m + 13536. What is a(37)?
-6
Let o(l) = 29*l**2 + 253*l - 155. Give o(-9).
-83
Let m(t) = t**2 + 78*t + 1030. Give m(-17).
-7
Let c(n) = n**3 + 362*n**2 - 749*n - 7649. Determine c(-364).
-5
Let w(s) = s**3 - 29*s**2 - 55*s + 514. Give w(30).
-236
Let r(i) = -3*i - 226. Calculate r(-73).
-7
Let q(a) = -57*a - 300. Determine q(-4).
-72
Let d(k) = -k**3 + 34*k**2 + 46*k - 392. Give d(35).
-7
Let v(x) = 21*x**2 + 6*x + 5. Give v(-1).
20
Let r(x) = 16*x + 130. What is r(-8)?
2
Let n(h) = 6*h**2 + 119*h + 50. Determine n(-20).
70
Let g(u) = -74*u + 569. Calculate g(8).
-23
Let p(v) = v**3 + 8*v**2 + 6*v + 42. Calculate p(-8).
-6
Let s(r) = -2*r**3 - 15*r**2 - 20*r + 31. Determine s(-4).
-1
Let k(p) = p**2 + 8*p - 769. What is k(-32)?
-1
Let g(f) = 2*f**2 - 107*f - 164. Determine g(55).
1
Let d(s) = 93*s + 186. What is d(-2)?
0
Let f(h) = h**2 + 127*h + 8. What is f(0)?
8
Let w(y) = y**2 - 52*y + 260. What is w(6)?
-16
Let i(n) = -n**3 - 31*n**2 - 149*n + 27. Calculate i(-25).
2
Let n(i) = -420*i - 417. What is n(-1)?
3
Let f(n) = 22562*n - 225620. Determine f(10).
0
Let h(b) = -36*b - 315. What is h(-8)?
-27
Let z(h) = -20*h + 344. Give z(18).
-16
Let q(z) = 30*z**2 - 930*z + 4. Calculate q(31).
4
Let h(q) = 82*q + 40. What is h(0)?
40
Let f(c) = -644*c + 12227. Calculate f(19).
-9
Let d(x) = -2*x**2 - 84*x - 157. Determine d(-40).
3
Let g(m) = m**2 + 25*m + 99. Calculate g(-15).
-51
Let s(r) = -821*r - 9025. Determine s(-11).
6
Let d(t) = -632*t + 3820. Determine d(6).
28
Let n(a) = -a**2 - 181*a - 5422. Give n(-38).
12
Let h(s) = 132*s**2 + 11*s + 1. Give h(-1).
122
Let u(p) = -4*p**2 + 58*p - 247. What is u(6)?
-43
Let i(p) = 70*p + 247. What is i(-5)?
-103
Let h(k) = -k**3 + 2*k**2 + 56*k - 17. Determine h(-7).
32
Let m(y) = 116*y - 173. What is m(2)?
59
Let v(f) = 17*f + 1109. Calculate v(-65).
4
Let v(o) = -o**3 + 55*o**2 + 61*o - 185. Determine v(56).
95
Let r(k) = -36*k - 1725. Calculate r(-48).
3
Let w(i) = -i**3 - 33*i**2 - 29*i + 82. Give w(-32).
-14
Let f(l) = l**3 - 24*l**2 - 24*l - 36. Determine f(25).
-11
Let f(g) = -g**2 + 64*g - 708. Calculate f(14).
-8
Let l(r) = r**3 + 3*r**2 - 25*r - 72. Determine l(-8).
-192
Let v(h) = 3*h**2 + 75*h + 43. Give v(-25).
43
Let n(i) = 9*i**2 - 431*i - 62. What is n(48)?
-14
Let m(a) = 5*a + 181. Calculate m(10).
231
Let d(p) = 5*p**2 - 99*p + 83. Determine d(19).
7
Let o(i) = -8*i**3 - 45*i**2 + 22*i + 26. What is o(-6)?
2
Let a(y) = 75*y + 8843. Determine a(-118).
-7
Let w(h) = -h**2 - 27108*h - 325155. What is w(-12)?
-3
Let c(b) = 159*b - 4. What is c(-2)?
-322
Let w(m) = -m**3 + 7*m**2 - 5*m - 20. Give w(4).
8
Let m(g) = -g**3 - 4*g**2 + 18*g - 94. Give m(-8).
18
Let j(k) = k**2 + 1044*k - 21290. Calculate j(20).
-10
Let i(z) = 2*z**3 + 10*z**2 - 63. Give i(-7).
-259
Let w(b) = -b**3 + 14*b**2 - 14*b + 5. Calculate w(13).
-8
Let m(b) = -66*b. Determine m(2).
-132
Let j(u) = -u**2 - 7*u - 21. Give j(-8).
-29
Let x(t) = -78*t - 3715. Determine x(-49).
107
Let m(t) = 29*t + 864. Determine m(-27).
81
Let k(r) = r**2 - 46*r - 878. Determine k(63).
193
Let l(t) = -2*t**3 + 64*t**2 + 59*t + 149. Give l(33).
-82
Let u(h) = 140*h - 1301. What is u(5)?
-601
Let d(z) = -5*z**3 - 22*z**2 - 3*z + 14. Give d(-4).
-6
Let r(o) = 391*o + 36. Give r(-1).
-355
Let n(a) = 4*a**2 + 109*a + 35. Give n(-27).
8
Let i(w) = w**2 - 346*w + 1046. Give i(3).
17
Let k(r) = 71*r + 435. Calculate k(-6).
9
Let f(p) = -3*p**2 + 166*p + 491. Determine f(59).
-158
Let r(s) = 2*s**3 - 7*s**2 - 348*s + 50. Determine r(15).
5
Let r(f) = -7*f**2 - 282*f + 349. What is r(-42)?
-155
Let a(z) = 35*z**2 + 449*z - 62. What is a(-13)?
16
Let s(q) = 10*q**2 + 250*q + 140. Calculate s(-24).
-100
Let w(t) = 46*t**2 + 76*t - 156. What is w(2)?
180
Let n(t) = -112*t - 231. Determine n(-2).
-7
Let m(z) = -85*z**2 + 2128*z + 10. What is m(25)?
85
Let p(u) = u**2 + 3*u + 78. Calculate p(0).
78
L